{"id":22,"date":"2022-12-01T16:56:46","date_gmt":"2022-12-01T16:56:46","guid":{"rendered":"http:\/\/www.koloproktolojivakfi.org\/?page_id=22"},"modified":"2022-12-01T18:10:36","modified_gmt":"2022-12-01T18:10:36","slug":"galeri","status":"publish","type":"page","link":"https:\/\/www.koloproktolojivakfi.org\/index.php\/galeri\/","title":{"rendered":"<a href=\"http:\/\/www.koloproktolojivakfi.org\/index.php\/galeri\/\">M\u00fctevelli Heyeti<\/a>"},"content":{"rendered":"\n<ol type=\"1\">\n<li>Ali Aky\u00fcz<\/li>\n\n\n\n<li>Ya\u015far S\u00fcmer Yamaner<\/li>\n\n\n\n<li>Abdullah Zorluo\u011flu<\/li>\n\n\n\n<li>\u00d6mer Tar\u0131k Ak\u00e7al<\/li>\n\n\n\n<li>\u0130brahim Ethem Ge\u00e7im<\/li>\n\n\n\n<li>Dursun Bu\u011fra<\/li>\n\n\n\n<li>Emre Bal\u0131k<\/li>\n\n\n\n<li>Metin Keskin<\/li>\n\n\n\n<li>Mehmet T\u00fcrker Bulut<\/li>\n\n\n\n<li>Y\u0131lmaz B\u00fcy\u00fckuncu<\/li>\n\n\n\n<li>\u0130smail Hakk\u0131 Hamzao\u011flu<\/li>\n\n\n\n<li>Adil Baykan<\/li>\n\n\n\n<li>U\u011fur Sungurtekin<\/li>\n\n\n\n<li>Mehmet F\u00fcz\u00fcn<\/li>\n<\/ol>\n","protected":false},"excerpt":{"rendered":"","protected":false},"author":1,"featured_media":0,"parent":0,"menu_order":0,"comment_status":"closed","ping_status":"closed","template":"","meta":[],"_links":{"self":[{"href":"https:\/\/www.koloproktolojivakfi.org\/index.php\/wp-json\/wp\/v2\/pages\/22"}],"collection":[{"href":"https:\/\/www.koloproktolojivakfi.org\/index.php\/wp-json\/wp\/v2\/pages"}],"about":[{"href":"https:\/\/www.koloproktolojivakfi.org\/index.php\/wp-json\/wp\/v2\/types\/page"}],"author":[{"embeddable":true,"href":"https:\/\/www.koloproktolojivakfi.org\/index.php\/wp-json\/wp\/v2\/users\/1"}],"replies":[{"embeddable":true,"href":"https:\/\/www.koloproktolojivakfi.org\/index.php\/wp-json\/wp\/v2\/comments?post=22"}],"version-history":[{"count":4,"href":"https:\/\/www.koloproktolojivakfi.org\/index.php\/wp-json\/wp\/v2\/pages\/22\/revisions"}],"predecessor-version":[{"id":100,"href":"https:\/\/www.koloproktolojivakfi.org\/index.php\/wp-json\/wp\/v2\/pages\/22\/revisions\/100"}],"wp:attachment":[{"href":"https:\/\/www.koloproktolojivakfi.org\/index.php\/wp-json\/wp\/v2\/media?parent=22"}],"curies":[{"name":"wp","href":"https:\/\/api.w.org\/{rel}","templated":true}]}}