{"id":38,"date":"2022-12-01T17:00:16","date_gmt":"2022-12-01T17:00:16","guid":{"rendered":"http:\/\/www.koloproktolojivakfi.org\/?page_id=38"},"modified":"2022-12-01T17:00:44","modified_gmt":"2022-12-01T17:00:44","slug":"faaliyetlerimiz","status":"publish","type":"page","link":"https:\/\/www.koloproktolojivakfi.org\/index.php\/faaliyetlerimiz\/","title":{"rendered":"Faaliyetlerimiz"},"content":{"rendered":"\n<p>a. Koloprotokoloji hizmeti sunan kurulu\u015flarla i\u015fbirli\u011fi \u00e7al\u0131\u015fmalarla ger\u00e7ekle\u015ftirerek \u00fclkemizde ve ba\u015fka \u00fclkelerde halk sa\u011fl\u0131\u011f\u0131 projeleri hayata ge\u00e7irmek.<\/p>\n\n\n\n<p>b. Koloprotokoloji merkezleri ve kurulu\u015flar\u0131na yard\u0131m etmek, Koloprotokoloji kurulu\u015flar\u0131n\u0131n y\u00f6netim ve i\u015fletmesine destek olmak veya y\u00f6netim kapasitesinin geli\u015ftirilmesine yard\u0131mc\u0131 olmak, \u00fclkemizde ve ba\u015fka \u00fclkelerdeki ihtiya\u00e7 sahiplerinin tedavilerini sa\u011flamak.<\/p>\n\n\n\n<p>c. Maddi olanaklardan yoksun ba\u015far\u0131l\u0131 \u00f6\u011frencilere yurt i\u00e7inde veya yurtd\u0131\u015f\u0131nda kar\u015f\u0131l\u0131kl\u0131 ya da kar\u015f\u0131l\u0131ks\u0131z burs vermek, bu ba\u011flamda vakfa nakdi ba\u011f\u0131\u015f yapanlar\u0131n talebi ve onay\u0131 olmas\u0131 halinde ba\u011f\u0131\u015f yapanlar\u0131n ad\u0131 veya unvan\u0131 a\u00e7\u0131k\u00e7a zikredilmek suretiyle \u00f6\u011frencilere burs vermek.<\/p>\n\n\n\n<p>d. Hastane kurmak, kurulmu\u015f ve kurulacak hastanelere katk\u0131da bulunmak, y\u00f6netim ve i\u015fletmesine destek olmak, in\u015fa edilmesine, a\u00e7\u0131lmas\u0131na ve sa\u011fl\u0131k ara\u00e7 ve gere\u00e7lerinin sa\u011flanmas\u0131na yard\u0131mc\u0131 olmak.<\/p>\n\n\n\n<p>e. Bilimsel ara\u015ft\u0131rma ve geli\u015ftirme konular\u0131nda \u00e7al\u0131\u015fmalar yapmak, bulgular\u0131 payla\u015fmak ve yay\u0131nlamak.<\/p>\n\n\n\n<p>f. Genel kamuoyunda bilin\u00e7 art\u0131r\u0131c\u0131 faaliyetlerde bulunmak, ileti\u015fim faaliyetleri ve kampanyalar y\u00fcr\u00fctmek.<\/p>\n\n\n\n<p>g. Ama\u00e7 ve hizmet konular\u0131na y\u00f6nelik kitap\u00e7\u0131k, bro\u015f\u00fcr, b\u00fclten, video kaseti, film, dergi, gazete, katalog ve kitap yay\u0131mlamak, internette web sayfas\u0131 a\u00e7mak, spor etkinliklerini desteklemek, benzeri etkinliklerde bulunmak; konferans, seminer, panel, sempozyum, a\u00e7\u0131k oturum, forum, sergi ve yar\u0131\u015fmalar, geziler ve bilimsel toplant\u0131lar d\u00fczenlemek suretiyle \u00fclkemizde ve ba\u015fka \u00fclkelerde insanlar\u0131n ve toplumlar\u0131n birlik ve beraberli\u011fine, e\u011fitim, sosyal, k\u00fclt\u00fcrel ve sa\u011fl\u0131k alanlar\u0131nda geli\u015fimine katk\u0131da bulunmak.<\/p>\n\n\n\n<p>h. \u00c7al\u0131\u015fma kurallar\u0131 kurmak ve i\u015fletmek.<\/p>\n\n\n\n<p>i. Vakf\u0131n amac\u0131n\u0131n ger\u00e7ekle\u015fmesine hizmet etmek \u00fczere ve Vakfa s\u00fcrekli gelir temin etmek amac\u0131 ile Vakfa ait veya ba\u011fl\u0131 iktisadi i\u015fletme \/ i\u015fletmeler kurmak ve i\u015fletmek ve ortak olmak.<\/p>\n\n\n\n<p>j. Vakf\u0131n ama\u00e7lar\u0131n\u0131 ger\u00e7ekle\u015ftirmek i\u00e7in \u00e7e\u015fitli kaynak olu\u015fturma faaliyetleri ger\u00e7ekle\u015ftirmek.<\/p>\n","protected":false},"excerpt":{"rendered":"<p>a. Koloprotokoloji hizmeti sunan kurulu\u015flarla i\u015fbirli\u011fi \u00e7al\u0131\u015fmalarla ger\u00e7ekle\u015ftirerek \u00fclkemizde ve ba\u015fka \u00fclkelerde halk sa\u011fl\u0131\u011f\u0131 projeleri hayata ge\u00e7irmek. b. Koloprotokoloji merkezleri ve kurulu\u015flar\u0131na yard\u0131m etmek, Koloprotokoloji kurulu\u015flar\u0131n\u0131n y\u00f6netim ve i\u015fletmesine destek olmak veya y\u00f6netim kapasitesinin geli\u015ftirilmesine yard\u0131mc\u0131 olmak, \u00fclkemizde ve ba\u015fka \u00fclkelerdeki ihtiya\u00e7 sahiplerinin tedavilerini sa\u011flamak. c. Maddi olanaklardan yoksun ba\u015far\u0131l\u0131 \u00f6\u011frencilere yurt i\u00e7inde veya yurtd\u0131\u015f\u0131nda [&hellip;]<\/p>\n","protected":false},"author":1,"featured_media":0,"parent":0,"menu_order":0,"comment_status":"closed","ping_status":"closed","template":"","meta":[],"_links":{"self":[{"href":"https:\/\/www.koloproktolojivakfi.org\/index.php\/wp-json\/wp\/v2\/pages\/38"}],"collection":[{"href":"https:\/\/www.koloproktolojivakfi.org\/index.php\/wp-json\/wp\/v2\/pages"}],"about":[{"href":"https:\/\/www.koloproktolojivakfi.org\/index.php\/wp-json\/wp\/v2\/types\/page"}],"author":[{"embeddable":true,"href":"https:\/\/www.koloproktolojivakfi.org\/index.php\/wp-json\/wp\/v2\/users\/1"}],"replies":[{"embeddable":true,"href":"https:\/\/www.koloproktolojivakfi.org\/index.php\/wp-json\/wp\/v2\/comments?post=38"}],"version-history":[{"count":2,"href":"https:\/\/www.koloproktolojivakfi.org\/index.php\/wp-json\/wp\/v2\/pages\/38\/revisions"}],"predecessor-version":[{"id":42,"href":"https:\/\/www.koloproktolojivakfi.org\/index.php\/wp-json\/wp\/v2\/pages\/38\/revisions\/42"}],"wp:attachment":[{"href":"https:\/\/www.koloproktolojivakfi.org\/index.php\/wp-json\/wp\/v2\/media?parent=38"}],"curies":[{"name":"wp","href":"https:\/\/api.w.org\/{rel}","templated":true}]}}